 + 4379. Calculate t(-131).
-75
Let x(j) = -j**3 - 11*j**2 + 1285*j + 14126. Calculate x(-11).
-9
Let b(m) = m**2 + 5*m + 12. Give b(9).
138
Let a(w) = -w**3 + 7*w**2 + 387*w - 2765. Calculate a(7).
-56
Let p(w) = 1432*w - 8593. Determine p(6).
-1
Let l(i) = 7881*i + 55167. Give l(-7).
0
Let b(f) = 4*f**3 + 15*f**2 + 63*f + 171. What is b(-3)?
9
Let i(s) = 2*s**3 - 14*s**2 + 8*s + 4. Give i(5).
-56
Let d(g) = g**3 - 64*g**2 + 21*g - 1349. Determine d(64).
-5
Let v(s) = 22*s - 1530. Give v(70).
10
Let m(i) = 6*i - 328. Determine m(54).
-4
Let m(b) = b**2 + 1993*b - 11995. Calculate m(6).
-1
Let v(o) = -o**3 + 5*o**2 - 5*o + 63. Give v(6).
-3
Let w(x) = 207*x + 11. What is w(-3)?
-610
Let z(k) = 12*k**2 - 420*k - 8. Determine z(35).
-8
Let u(b) = 717*b - 3588. What is u(5)?
-3
Let h(p) = p**3 - 19*p**2 + 52*p + 44. Calculate h(4).
12
Let h(t) = t**3 + 13*t**2 - 150*t + 56. Calculate h(7).
-14
Let w(x) = x**3 + 33*x**2 - 3*x - 70. Determine w(-33).
29
Let h(u) = -2*u - 5. Calculate h(7).
-19
Let y(k) = 2*k**3 + 31*k**2 + 55*k + 204. Give y(-14).
22
Let w(a) = -3*a**3 - 6*a**2 - 31*a - 97. Give w(-3).
23
Let g(d) = -11*d + 209. What is g(26)?
-77
Let j(l) = 36*l - 2913. Determine j(82).
39
Let k(c) = -145*c + 504. Calculate k(6).
-366
Let b(m) = 29*m - 47. Determine b(2).
11
Let t(c) = -12*c**3 - 406*c**2 + 67*c - 30. Calculate t(-34).
4
Let z(w) = -65*w - 132. What is z(-2)?
-2
Let p(b) = -b**3 - 5*b**2 - 421*b + 1831. What is p(4)?
3
Let y(p) = 112*p - 780. Determine y(7).
4
Let y(d) = -4*d**2 + 25*d + 62. Give y(8).
6
Let m(o) = o**3 + 58*o**2 + 52*o - 305. Determine m(-57).
-20
Let m(g) = 20*g**2 - 7*g + 7. Calculate m(1).
20
Let y(m) = -m**2 + 4*m + 13. Calculate y(11).
-64
Let t(i) = -i**2 - 37*i - 141. What is t(-5)?
19
Let i(r) = -107*r**3 - r**2 + 2*r - 2. Determine i(1).
-108
Let s(x) = x**2 - 20*x - 14. What is s(21)?
7
Let n(f) = -f**3 + 145*f**2 - 137*f - 1003. Determine n(144).
5
Let y(o) = o**3 + 69*o**2 + 134*o - 434. Calculate y(-67).
-434
Let b(q) = q**3 - 3*q**2 + 21*q + 13. What is b(5)?
168
Let d(c) = 21*c + 614. Calculate d(-28).
26
Let a(v) = v**3 - 3*v**2 - 70*v + 141. Give a(9).
-3
Let q(s) = -s**3 - 154*s**2 + 351*s + 6087. What is q(-156)?
3
Let k(z) = 16*z - 248. What is k(16)?
8
Let g(v) = -1372*v - 4329. What is g(-3)?
-213
Let a(d) = -d**2 - 167*d - 1571. Calculate a(-11).
145
Let k(p) = -p**2 - 7*p + 14. Give k(-8).
6
Let y(c) = -c**3 + 32*c**2 - 123*c + 310. Give y(28).
2
Let z(j) = -j**2 + 57*j - 779. What is z(38)?
-57
Let m(x) = -1375*x - 71497. Calculate m(-52).
3
Let b(d) = 35*d + 820. Determine b(-23).
15
Let m(w) = w**2 - 5*w - 103. What is m(11)?
-37
Let y(c) = c**3 + 206*c**2 + 2151*c + 1178. Calculate y(-195).
8
Let b(x) = -11*x + 11. What is b(-26)?
297
Let i(k) = -k**3 - 12*k**2 + 49*k + 66. What is i(-15)?
6
Let l(o) = 3446*o - 13745. Calculate l(4).
39
Let t(k) = -2*k**3 - 9*k**2 + 7*k - 5. Determine t(-6).
61
Let o(v) = v**2 - 40*v + 384. Give o(16).
0
Let o(c) = -355*c - 19518. Determine o(-55).
7
Let o(p) = -p**2 - 29*p + 4083. Determine o(-81).
-129
Let w(y) = 8*y**2 - 21*y - 38. What is w(4)?
6
Let s(b) = b**3 - 21*b**2 + 60*b + 121. Determine s(17).
-15
Let o(r) = -r**2 + 123*r - 3623. What is o(49)?
3
Let v(i) = -350*i - 4576. Determine v(-13).
-26
Let o(g) = 1162*g + 5811. What is o(-5)?
1
Let a(w) = 34*w**2 - 118*w + 49. Determine a(3).
1
Let g(b) = b**3 - 37*b**2 + 9*b - 261. Determine g(37).
72
Let q(a) = -a**2 + 10*a + 139. What is q(-13)?
-160
Let b(v) = 15*v**2 + v - 5. Give b(-2).
53
Let g(m) = -12*m**2 - 32*m - 7. Determine g(-6).
-247
Let f(r) = -r**3 - 7*r**2 + 14*r - 159. What is f(-10)?
1
Let v(z) = -2*z**2 - 226*z - 3225. Give v(-96).
39
Let h(m) = 32*m**3 - 9*m**2 - 18*m + 64. Give h(2).
248
Let b(c) = 512*c - 9733. What is b(19)?
-5
Let q(d) = d**3 - 6*d**2 - 20*d + 14. Give q(8).
-18
Let d(j) = 14*j**2 - 439*j - 280. Determine d(32).
8
Let t(n) = -5926*n + 82960. Calculate t(14).
-4
Let x(b) = -1475*b - 10260. Give x(-7).
65
Let v(r) = 7*r**2 - 48*r - 312. What is v(11)?
7
Let r(i) = 8*i**2 + 195*i - 121. What is r(-25)?
4
Let l(q) = 166*q**2 - 1504*q - 9. Determine l(9).
-99
Let o(i) = i**3 - 83*i**2 + 318*i - 153. Determine o(79).
5
Let k(b) = -44*b**2 + 548*b - 12. Calculate k(12).
228
Let m(p) = 1064*p + 17009. What is m(-16)?
-15
Let l(f) = 21*f + 93. Give l(0).
93
Let x(f) = -f**3 - 28*f**2 + 206*f - 10. Calculate x(6).
2
Let c(z) = -2*z**2 - 236*z + 1748. Determine c(7).
-2
Let o(w) = w**3 - 51*w**2 - 255*w + 58. Calculate o(-5).
-67
Let y(g) = -278*g - 13882. What is y(-50)?
18
Let o(q) = -51*q**2 - 59*q - 9. Calculate o(-1).
-1
Let j(n) = n**3 + 23*n**2 + 50*n - 30. Determine j(-3).
0
Let s(y) = 2*y**3 - 2*y**2 + 8*y + 26. Calculate s(-5).
-314
Let b(l) = 19*l**2 - 274*l + 75. Give b(14).
-37
Let v(d) = 89*d + 172. Give v(-5).
-273
Let m(l) = l**3 + 4*l**2 + 1316*l + 3937. Give m(-3).
-2
Let m(s) = -s**3 - 9*s**2 - 16*s - 6. What is m(-7)?
8
Let r(y) = y**2 - 60*y - 368. Give r(-5).
-43
Let a(k) = 2*k**3 + 25*k**2 + 73*k - 10. Determine a(-5).
0
Let q(i) = 62*i + 456. Determine q(5).
766
Let o(t) = -t**2 - t + 24. Determine o(-7).
-18
Let x(n) = -n**3 + n**2 + 5*n + 28. What is x(0)?
28
Let m(s) = -14*s**2 + 16*s - 1. Determine m(3).
-79
Let f(s) = -s**2 - 62*s - 9. Determine f(0).
-9
Let o(g) = 2*g**3 - 79*g**2 + 41*g - 110. What is o(39)?
-32
Let x(v) = v**3 + 17*v**2 - 26*v - 137. Determine x(-18).
7
Let p(s) = -s**3 + 8*s**2 - 9777*s + 78216. Give p(8).
0
Let y(i) = -7*i + 201. Give y(27).
12
Let t(m) = 2*m**3 + 22*m**2 - 29*m - 45. Determine t(-12).
15
Let s(r) = r**2 + 148*r + 5289. Calculate s(-88).
9
Let z(x) = 48*x + 6486. What is z(-135)?
6
Let q(s) = 24*s**2 - 887*s - 33. Give q(37).
4
Let y(z) = 2*z**2 - 108*z - 5266. Determine y(85).
4
Let k(x) = -129*x - 673. Calculate k(-5).
-28
Let d(b) = -31*b + 261. What is d(9)?
-18
Let t(c) = 38*c + 54. Calculate t(5).
244
Let i(x) = 236*x - 1655. Determine i(7).
-3
Let g(l) = 345*l + 63469. What is g(-184)?
-11
Let d(f) = f**2 + 31*f + 139. Calculate d(-6).
-11
Let a(y) = -y**3 + 69*y**2 + 70*y + 22. What is a(70)?
22
Let f(g) = -2*g**2 - 3*g - 17. Give f(-4).
-37
Let n(o) = -9*o**2 - 1001*o - 229. Calculate n(-111).
-7
Let y(z) = z**3 + 37*z**2 - 1146*z - 340. Determine y(-57).
2
Let v(s) = -8*s - 80. Give v(-6).
-32
Let h(v) = -v**3 - 13*v**2 + 8*v + 63. What is h(-2)?
3
Let w(p) = -3*p**2 + 328*p + 902. Calculate w(112).
6
Let r(x) = x**3 - 9*x**2 + 40*x - 230. Give r(8).
26
Let o(t) = 58*t + 132. Determine o(-4).
-100
Let l(f) = f**3 - 25*f**2 - 36*f + 206. Determine l(26).
-54
Let i(z) = z**2 - 17*z + 47. Give i(7).
-23
Let v(x) = -2*x**2 - 52*x + 835. Give v(12).
-77
Let g(b) = 32*b**2 + 28*b - 20. Determine g(-3).
184
Let x(t) = -t**3 - 14*t**2 - 2*t + 49. Determine x(-10).
-331
Let n(a) = 9*a**3 - a**2 - 6*a + 1. Calculate n(-2).
-63
Let m(u) = 8*u + 47. What is m(-10)?
-33
Let f(i) = -37*i - 51. What is f(-2)?
23
Let n(y) = -y**3 + 10*y**2 - 15*y + 114. Give n(7).
156
Let a(n) = -20*n**3 - 2*n**2 + 21*n - 20. What is a(1)?
-21
Let q(z) = -z**2 - 158*z - 1053. Determine q(-7).
4
Let y(g) = 11*g + 182. Give y(-20).
-38
Let m(h) = -h**3 + h**2 - 2*h - 1. Give m(0).
-1
Let y(r) = -r**2 - 4*r + 17. Calculate y(2).
5
Let y(v) = 2*v**2 + 11*v + 10. Calculate y(9).
271
Let y(w) = -4*w**2 - 134*w + 1243. Determine y(-41).
13
Let g(t) = 10*t - 31. Give g(1).
-21
Let q(x) = x**3 - 31*x**2 - 21*x + 715. Determine q(31).
64
Let d(w) = 3*w**2 + 12*w + 45. Calculate d(-3).
36
Let w(b) = 5*b**2 + 205*b - 81. Determine w(-41).
-81
Let v(b) = b**3 + 18*b**2 + 24*b - 20. What is v(-13)?
513
Let f(b) = -112*b - 220. Calculate f(-2).
4
Let j(t) = -16346*t - 130777. Give j(-8).
-9
Let k(a) = 1065*a + 7391. Determine k(-7).
-64
Let w(i) = i**3 + 56*i**2 - 445*i - 270. Give w(-63).
-18
Let i(n) = 4*n**3 + 37*n**2 + 69*n + 532. What is i(-9)?
-8
Let h(z) = 298*z - 3. Determine h(1).
295
Let b(k) = k**3 + 60*k**2 + 279*k + 211. Give b(-55).
-9
Let l(s) = -7*s**2 - s + 49. What is l(-4)?
-59
Let b(y) = -30*y**2 - 254*y - 37. Calculate b(-8).
75
Let c(p) = -898*p - 2726. Give c(-3).
-32
Let b(r) = -76*r - 2303. Calculate b(-30).
-23
Let d(t) = 2*t**2 + 95*t - 20. What is d(-48)?
28
Let c(i) = -2*i**3 + 19*i**2 - 57*i + 391. Calc